6*o. What is the units digit of o?
5
Let m = 57 + 72. Let o = m - 35. What is the units digit of o?
4
Let c(j) = -7*j - 9. Let g = -25 - -16. Let q be c(g). Suppose 0 = -9*a + 10*a - q. What is the tens digit of a?
5
Suppose 2*a - 5*v = 3*a, 5*a = v - 26. Let k(y) = -9*y - 6. Let m(w) = -8*w - 6. Let z(q) = -3*k(q) + 4*m(q). What is the tens digit of z(a)?
1
Let b(d) = 2*d**2 + 5*d + 6. Let h be b(-4). Let y be 9/h + (-7)/(-2). Suppose f + 0*f + 5*o = -23, -3 = -y*f - o. What is the units digit of f?
2
Suppose 3*s - 4*s = -y + 1199, -2*y - 5*s + 2419 = 0. What is the hundreds digit of y?
2
Let c(j) = j**2 - 14*j - 8. Let t be c(14). What is the tens digit of (-3)/t + 2766/48?
5
Suppose -5*y = -5*v + 875, -3*y - 11 - 154 = -v. What is the units digit of v/24*(-6)/(-5)?
9
Let p = -433 + 1023. What is the tens digit of p?
9
Let o(p) = p**3 - 2*p**2 + 2. Let l be o(2). Suppose h - 2*h = l*c + 48, 2*c = -2*h - 88. What is the tens digit of 0 + -2 - (1 + h)?
3
Suppose -4*k + 38 + 16 = 2*s, 5*k = 5*s - 195. Suppose 5*u - 12 = 43. Suppose 4*n = s - u. What is the units digit of n?
6
Let t(i) = i**3 + 7*i**2 + 4*i - 6. Let u be t(-6). Let f(b) = 2 - u*b + 2*b**3 + 1 + 2*b. What is the tens digit of f(2)?
1
Let a(p) = -p**2 + 9*p - 11. Let j be a(7). Suppose -j*d + 212 = -4*i + 2, i - 77 = -d. What is the tens digit of d?
7
Suppose 1534 = 7*z - 804. Let u = z - 235. What is the units digit of u?
9
Let m = 24 - 16. Let o(k) = -k**3 + 7*k**2 + 9*k - 7. Let y be o(m). What is the units digit of 1 - 0 - -52 - y?
2
Let z be 3 + -4 + 13/(-1) - -1. Let i(t) = -5*t**2 + 13*t - 18. Let j(p) = -4*p**2 + 12*p - 18. Let u(q) = -5*i(q) + 6*j(q). What is the tens digit of u(z)?
6
Let h be 3 + 1 - ((-4)/4 + 4). What is the tens digit of h*(-375)/(-2 - 1)?
2
What is the hundreds digit of -824*-2*(-7)/(-56)?
2
Suppose -64336 = -44*z - 7092. What is the thousands digit of z?
1
Let t(a) = 3*a + 10*a - 12*a - 16*a**3 - 40*a**3. What is the units digit of t(-1)?
5
Let d be ((-2)/5)/(9/(-1575)). Suppose 42 = -4*b - d. Let o = 54 + b. What is the units digit of o?
6
Suppose -157 = 3*v - z + 9, -5*v + 4*z = 286. Let y = -33 - v. What is the units digit of y?
1
Let y(j) = -3*j**2 + 27*j - 6. Let x be y(12). Let b = 240 + x. What is the tens digit of b?
2
What is the tens digit of 15*(-48)/(-54) - (-4)/(-3)?
1
What is the units digit of (-195)/325 - (-993)/5?
8
What is the tens digit of (526/8)/(((-117)/36)/(-13))?
6
Suppose 0 = f - 213 + 47. What is the tens digit of f?
6
What is the tens digit of (1 - 5)/((-3)/24)?
3
Let q(b) = -70*b + 1004. What is the thousands digit of q(0)?
1
Suppose -4*s = -4*y - 876 - 300, 0 = -4*y + 8. What is the hundreds digit of s?
2
Suppose -2*c - 4*l - 3014 = -10838, -3*l = -3*c + 11709. What is the thousands digit of c?
3
Suppose -3*w + 24 = -4*p, 15 + 7 = 4*w - 2*p. Suppose w*a - m - 98 = 37, 0 = -a + m + 36. What is the units digit of a?
3
Let s(o) = -o**3 + o**2 - o + 3. Let v be s(0). Suppose 2*t = 2*f, 3*t - 4*t = 1. Let m = f + v. What is the units digit of m?
2
Let i(v) = -48*v**3 - 4*v**2 - 2*v - 4. What is the tens digit of i(-2)?
6
Suppose 3*h + 13 - 28 = 0. Suppose 4*j - 396 = 5*w, 495 = h*j - 0*w - w. What is the units digit of j?
9
Suppose 6 = 5*n + 3*w, w - 2 = 3*n - 0. Suppose 15 = 5*t, -4*o + n*t + t = -61. Let x = o + 1. What is the tens digit of x?
1
Suppose -3*h + 7*h + 30 = b, 2*b = 3*h + 35. Let f = b - 6. Suppose q = -f*q + 120. What is the tens digit of q?
2
What is the units digit of ((-28)/(-21))/(-2)*-792?
8
Let s be (12/14)/(4/168). What is the units digit of 546/4 + -6*(-3)/s?
7
Let s be -2 + (-12)/(0 - 3). Suppose 3*d - 117 = 3*v, -s*d + 3*v - 41 + 124 = 0. Suppose -d + 10 = -4*h. What is the units digit of h?
6
Let n(z) = 3 + 42*z**2 + 6 - 2*z - 3*z**2 - 12. What is the units digit of n(-1)?
8
Let m be (0 - -1) + -27 + 1. What is the tens digit of ((-188)/10)/(10/m)?
4
Let t(u) = -u**3 - 5*u**2 + 4. Let b be t(-5). Suppose 141 = -b*y - 239. What is the tens digit of y/2*4/(-5)?
3
Let s(y) = -12*y**2 + 10*y - 17. Let m be s(5). Let u = 531 + m. What is the hundreds digit of u?
2
Suppose 3*t = -4*l + 484 + 533, 2*l - t - 501 = 0. What is the hundreds digit of l?
2
Suppose 2*u = -12*u + 4564. What is the hundreds digit of u?
3
Suppose -74*c + 828 = -70*c. What is the tens digit of c?
0
Let i = 491 + -83. What is the units digit of i?
8
Let h = 15 + -10. Let q(m) = -m + 5*m - h*m - 3*m - 3. What is the units digit of q(-3)?
9
Suppose -5*w + 57 + 93 = 0. Suppose w = 3*a + 3. What is the units digit of a?
9
Let p = 5 - 3. Suppose -p*d = -4*g - 0*d + 280, -3*d - 140 = -2*g. What is the tens digit of g?
7
Let u(w) = w**2 + 2*w - 7. Let c be (-4)/14 - (-6 - (-9)/(-7)). What is the tens digit of u(c)?
5
Suppose 0 = 3*u - 17 - 7. Suppose u*s + 75 = 9*s. Let h = 126 - s. What is the units digit of h?
1
Let d(g) = -g**2 + 13*g - 26. Let n be d(12). What is the tens digit of 1*n*(-3)/(-6)*-2?
1
Suppose -35 + 47 = -4*r. Let i(x) = -4*x - 8. Let m be i(r). What is the tens digit of m + 0 + (83 - 14)?
7
Let t(a) = 36*a - 109. What is the units digit of t(18)?
9
What is the tens digit of ((-68000)/24)/(-17)*18/4?
5
Let r = 920 - 220. What is the tens digit of r?
0
Let k(u) = -103*u + 24. What is the hundreds digit of k(-4)?
4
Suppose v = 2*u - 12, -2*v - v + u - 11 = 0. Let d be ((-4)/12)/(v/162). Suppose m - 6*s - 47 = -4*s, -m = 2*s - d. What is the units digit of m?
7
Let g = -1306 - -1933. What is the hundreds digit of g?
6
Let a = 228 - 160. Suppose a = 2*q - 8. Suppose 0 = -3*j + 15, 0*y = 3*y - 2*j - q. What is the units digit of y?
6
Let k = -2867 - -4987. What is the thousands digit of k?
2
Let y(b) = 22*b**2 + 4*b - 20. What is the hundreds digit of y(3)?
1
Let b be (0 - -2 - 28/16)*-4. Let n(a) = -77*a**3 - a. What is the tens digit of n(b)?
7
What is the units digit of 7/(-9*(-11)/46233)?
9
Suppose -3*t - 15 = -3*q, 0 - 12 = -4*q. What is the tens digit of t/(-4) - 11/2*-13?
7
Let m(a) be the first derivative of -a**4/4 - 2*a**3 + 2*a**2 - 6*a - 14. What is the tens digit of m(-8)?
9
Let u(m) = -m**2 + 5 - m + 11*m - m. Let w be u(9). Suppose -173 = -w*o - 63. What is the tens digit of o?
2
Let r(g) = -g - 5 + g - 4*g. Let n be r(-7). Let o = n - 3. What is the tens digit of o?
2
Suppose -j + 61 = -78. What is the units digit of j?
9
Let x = 44 - -62. Let z = -76 + x. What is the units digit of z?
0
Let g be ((-10)/2*2)/2. Let c = g + 10. Suppose -5*b - 9 + 32 = -2*w, 5*b + c*w = -5. What is the units digit of b?
3
Let s be -4*1/(-2) - -1. Suppose -x - 4*d + 2*d + 42 = 0, -4*d = -16. What is the tens digit of (s - 10/4)*x?
1
Let g = -51 - -109. Suppose -c + g = x, 2*x + 2*x - 233 = -3*c. What is the tens digit of x?
5
Let a(c) = 123*c - 23. Let j be a(4). Suppose 3*x - j = -2*m, -5*x + 361 = 2*m - 422. What is the tens digit of x?
5
What is the units digit of 1 - (-4 + -9817)/7?
4
Let c = -636 + 1140. What is the units digit of c?
4
Let c(p) be the second derivative of -7*p**3/2 - 27*p**2/2 + 3*p. What is the tens digit of c(-6)?
9
Let h(q) = 81*q**2. What is the units digit of h(1)?
1
Let z be 1 - 1 - (10 + -17). Let x(r) = 6*r - 12. What is the tens digit of x(z)?
3
Let j be -2 - (-1)/((-4)/576). Let x = 225 + j. What is the tens digit of x?
7
Suppose -5*m + 8*x + 1970 = 4*x, -2*x + 10 = 0. What is the tens digit of m?
9
Suppose -4 = -3*p + 140. Suppose 3*k + 0*k = p. What is the units digit of k?
6
Let u be (4 + (-16)/4)/2 - 10. Let j = u - -43. What is the units digit of j?
3
Suppose 27*j - 23*j - 3*u - 1843 = 0, -5*j + 2260 = 5*u. What is the units digit of j?
7
Let u = 55 - 54. What is the units digit of (3/6)/(u/86)?
3
Let k be ((-1)/(0 + 1))/(1/(-63)). Suppose 4*a - 4 = 0, -b = -a + 5*a - k. What is the units digit of b?
9
Suppose 15*b = 10*b. Suppose 3*d + 3*d - 264 = b. What is the tens digit of d?
4
Let l = -1420 - -2153. What is the units digit of l?
3
Suppose -3*d = 5*v + 26, -d - 8 = 4*v - 5*d. Let w be v/10 - (-85)/25. Let p = 10 - w. What is the units digit of p?
7
Suppose n = 2, -k + 4*k + 4*n = 20. Suppose 3*z = -s - 4, 0 = z + k*z + 10. Suppose -s*j + 138 = -i, -j + 3 = i - 63. What is the units digit of j?
8
What is the hundreds digit of 147/((-38)/114 + 29/60)?
9
Let v(p) = p**2 + 12*p + 30. Let r 